))/(12/(-333)) is divided by 5.
2
Let t = 8 + -6. Suppose -t = 5*l + 8. What is the remainder when 1 is divided by l/(((-4)/1)/2)?
0
Let u(c) = 19*c**2 - 1. Let s be (-1)/(-2) - (-12)/8. Suppose 4*y - 6 - 15 = -5*n, 0 = -s*n - 5*y + 22. Calculate the remainder when u(n) is divided by 10.
8
Let p(d) = 99*d**2 - 2*d - 1. Let o be p(-1). Suppose -4*u - o = -z - 3*z, 5*z + 4*u - 80 = 0. What is the remainder when 58 is divided by z?
18
Suppose 2*x + 2*x - 87 = -3*g, 43 = x + 5*g. Let m(d) = -35*d**3 + d**2 - 1. Calculate the remainder when m(-1) is divided by x.
17
Let m(y) = y**3 - 14*y**2 + 13*y + 14. Calculate the remainder when 24 is divided by m(13).
10
Let g(m) = 2*m + 4. Let z be g(-4). Let b be z/(-10) + (-32)/(-20). What is the remainder when ((-6)/9)/(b/(-42)) is divided by 8?
6
Suppose -a + 63 = 4*p, 0 = -5*a - 4*p + 3*p + 258. Suppose -2*v = -5*d - a, -4*d - 2 = 10. Calculate the remainder when 34 is divided by v.
16
Suppose 5*d - 462 = 23. Suppose -4*s - 5*j + 113 = 0, 78 = 5*s - 5*j - d. What is the remainder when s is divided by 11?
10
Calculate the remainder when 67 is divided by 209/6 + (-1)/(-6).
32
Suppose 5*f - 86 - 119 = 0. Let d = f + -8. Calculate the remainder when d is divided by 12.
9
Let y(s) = -s**2 + 10*s - 8. Let u(z) = 2*z**2 - 3. Calculate the remainder when y(7) is divided by u(-2).
3
Let w be (0 + -127)*(0 + -1). Suppose -3 + 8 = x. Suppose 0 = f - 0*f - 5*p - 3, -x*f = 3*p - w. Calculate the remainder when f is divided by 13.
10
Let v = 8 + 8. Calculate the remainder when v is divided by 10.
6
Let w(f) = -f**2 + 10*f + 3. What is the remainder when 74 is divided by w(8)?
17
Suppose -g - 59 = -61. Suppose 7*m = 3*m + 28. Calculate the remainder when m is divided by g.
1
Let a(h) = 14*h**3 + 2*h**2 - 3*h + 2. What is the remainder when 57 is divided by a(1)?
12
Let f(l) = 6*l + 27. What is the remainder when f(10) is divided by 15?
12
Suppose 4*u + 24 = 2*c, -u + 0*u = 2*c - 14. Calculate the remainder when (10/c)/(5/60) is divided by 8.
7
Suppose 39 = 4*w - 181. Calculate the remainder when w is divided by 20.
15
Suppose -4*t = -3*v - 18, 0*t - 4*v = t + 5. What is the remainder when 16 is divided by t?
1
Suppose 34 = 5*z - 3*k, -k - 3*k + 8 = 0. Let m(s) = s**2 + 6*s + 3. Let w be m(-6). Calculate the remainder when 46/3 + (-1)/w is divided by z.
7
Suppose 333 + 178 = 7*v. Suppose -s + 0*s + 19 = 0. What is the remainder when v is divided by s?
16
Let n(d) = d - 1. Let s(k) = -4*k**2 + 4*k - 4. Let x(z) = 5*n(z) - s(z). What is the remainder when 3/(-1 + (-18)/(-16)) is divided by x(-2)?
11
Suppose 5*u = 4 + 1. What is the remainder when 27 is divided by 7 + 0/(1/u)?
6
Let b(n) = 4*n - 2. Let k be b(3). Suppose 0*q + 3*q + 3*p - 24 = 0, 5*p = -k. Calculate the remainder when 18 is divided by q.
8
Suppose 7*g = 5*g - 2*i + 8, -5*g + 4*i = -56. What is the remainder when 109 is divided by g?
5
Let c be 3 - (-2 + -3 + 14). Calculate the remainder when 82 is divided by (c*1)/(3/(-14)).
26
Let c(v) = -v - 1. Let l be c(5). Let n = l + 14. Let h = -49 - -72. What is the remainder when h is divided by n?
7
Suppose 0*z - z + 4*t - 15 = 0, 3*z - 4*t + 13 = 0. Suppose -3*n + 2 + 1 = 0. Calculate the remainder when n is divided by z.
0
Suppose g + 43 = 2*r, 4*g = -5*r + 95 + 32. What is the remainder when r is divided by 8?
7
Let o(s) = s**2 - 7*s - 5. Let d(u) = -u**2 + 9. Let b be d(0). Suppose 8 + 13 = 3*p. What is the remainder when o(b) is divided by p?
6
Let t(s) = 2*s + s**3 - s**3 + s**3 + 2 + 4*s**2. Let y be t(-4). What is the remainder when 11 is divided by y/(-15) + (-18)/(-5)?
3
Let f(s) = 30*s**3 - 2*s**2 + 1. Let d(u) = -6*u + 3. Let w = 10 + -12. What is the remainder when f(1) is divided by d(w)?
14
Let p = 28 + -22. Let u(d) = 2 - 2 - 4 + 9*d - d**2. Calculate the remainder when u(5) is divided by p.
4
Let s(q) = 2*q**2 + 6*q - 2. Let b be (-3)/8*2*8. Let z = 7 - -5. What is the remainder when s(b) is divided by z?
10
Suppose 0 = 5*x - 3*n - 15, 0*x - 3*n = x + 15. Let v(s) = s + 7. Let w be v(x). Let o(q) = q + 5. What is the remainder when o(w) is divided by 7?
5
Let w be (-234)/(-10) - (-2)/(-5). Let x = -9 + w. Suppose -b = 3*v + 7, 2*v = -0*b - 3*b + x. What is the remainder when 23 is divided by b?
7
Calculate the remainder when 150 is divided by (-9)/(-6)*(-380)/(-15).
36
Suppose -5*p - 27 = -h, h + p = -0*h + 21. Calculate the remainder when h is divided by 8.
6
Let x(z) be the third derivative of -z**4/12 - 4*z**3/3 + 3*z**2. Calculate the remainder when 22 is divided by x(-10).
10
Suppose 0 = 2*g - 20 + 2. Let h be 54/(-7) + (-4)/14. Calculate the remainder when 34 + h/(-4) + -1 is divided by g.
8
Suppose -9*g + 6*g + 219 = 0. Suppose -2*w + 46 = 4*z, w = 4*w - 5*z - 47. What is the remainder when g is divided by w?
16
Suppose 5*a - 73 = 167. Let h = a + -17. What is the remainder when h is divided by 11?
9
Let c be 2/(-10) + 3004/20. Let y = c - 67. Let u = -50 + y. What is the remainder when u is divided by 9?
6
What is the remainder when 104 is divided by (10/(-3))/(8/72*-2)?
14
Let d = -25 + 30. What is the remainder when 32 is divided by d?
2
Let c(o) = 2*o + 8. Suppose 2*t = -t. What is the remainder when 21 is divided by c(t)?
5
Suppose -4*m + 2*m + 24 = 0. Let p = 25 - m. What is the remainder when 38 is divided by p?
12
Let b = 13 + -18. Let d(y) = y**2 + 2*y - 5. What is the remainder when (1 + 1)*58/4 is divided by d(b)?
9
Let u be 2/(-4) + 21/6. Suppose k + 11 = 2*s - u, k + 8 = s. What is the remainder when 274/s + 1/3 is divided by 16?
14
Let z(v) = v**2 + 3*v - 2. Let s be z(-6). Suppose -5*t + s = -t. Suppose -2*g - 3*g = a - 30, -4*a + t*g = 0. What is the remainder when 12 is divided by a?
2
Let y(h) = -42*h - 2. What is the remainder when 277 is divided by y(-1)?
37
Let l be (-10)/(-2)*3/(-5). Let q(o) = -12*o - 1. Calculate the remainder when q(l) is divided by (9 - 0)/(6/8).
11
Let t(l) = -l - 6. Let q be t(-7). What is the remainder when 21 is divided by -5 + q + 1 - -15?
9
What is the remainder when 69 is divided by 1*((1*42 - 3) + -1)?
31
Suppose -3 = -f, -2*v + 51 = 2*f + 3*f. Calculate the remainder when 52 is divided by v.
16
Let w(i) = 6*i - 1. Calculate the remainder when -24*(3 - (-26)/(-6)) is divided by w(3).
15
Let p(l) = l - 1. Let x be p(-1). Let s be x + 2 - (-13 - -1). Let b = s + -5. Calculate the remainder when 20 is divided by b.
6
Let h(u) be the second derivative of u**4/12 + 5*u**3/6 + 3*u**2/2 - 2*u. Let m be h(-5). Calculate the remainder when ((-17)/(-3))/(m/9) is divided by 6.
5
Suppose -y = 4*h, -h = -2*h + 5*y. Suppose 0 = 3*c - h*c - 9. Let z(j) = j**2 + 2*j - 2. Calculate the remainder when 24 is divided by z(c).
11
Suppose 9 = -5*g + 29. Let d be (-2 + g)*10/4. Calculate the remainder when 18*d/(15/4) is divided by 13.
11
Suppose 4*r = 5*s - 48, -4*r = 5*s - r - 34. Calculate the remainder when 6/(-3 - -5) - -10 is divided by s.
5
Let t(d) = 23*d**2 + 3*d + 1. What is the remainder when t(1) is divided by (-1)/(-1)*(9 - -1)?
7
Let w(u) = 2*u**2 + 4*u + 4. Let a be w(4). Let r = a - 35. Calculate the remainder when 66 is divided by r.
15
Let t = -27 + 77. What is the remainder when t is divided by 28?
22
Suppose -h + 63 = 8*h. Let u be 8/(-6)*3/2. Let c(f) = f**2 + f + 1. Calculate the remainder when h is divided by c(u).
1
Let n = -30 - -43. Let j = -23 + 39. Let c = 23 - j. What is the remainder when n is divided by c?
6
Calculate the remainder when 8/6*66/4 is divided by 6.
4
Let i(a) = a**3 - 4*a**2 - a + 5. Calculate the remainder when i(6) is divided by 19.
14
Calculate the remainder when 59 is divided by (-11)/(33/(-30)) - (-1 - 1).
11
What is the remainder when 86 - (12/4)/(-1) is divided by 31?
27
Let z(r) = -r + 4. What is the remainder when z(-4) is divided by 3?
2
Let i be (-1 - -1)/(-2*1). Suppose 2*d - 27 - 17 = 0. Calculate the remainder when d is divided by 7 + (1 - 0 - i).
6
Let s(h) = -h**3 + 6*h**2 - 3. What is the remainder when s(4) is divided by 10?
9
Suppose 0 = x - 0*x - 17. What is the remainder when x is divided by 1/3*(34 - 5 - -1)?
7
Let l = 93 + -78. Calculate the remainder when 43 is divided by l.
13
Suppose 5*d + 986 = 4*q, 0 = 2*q - 7*q - 5. Let t(y) = y**3 + 7*y**2 - 4*y - 5. What is the remainder when t(-6) 